hen 86*((-100)/80)/(5/(-2)) is divided by 24?
19
Suppose -2*q - 3*q = -55. Let v be 15 + 6/(-2) + 2. Let j = v - -6. Calculate the remainder when j is divided by q.
9
Let i(m) = m + 1. Let q be i(5). Let w(y) = y**2 - 2. Let o(k) = 4*k - 19. Calculate the remainder when w(q) is divided by o(7).
7
Let t(o) = 4*o**2 - o - 2. Let q(p) = -p - 1. Let z be q(-4). Suppose y + 1 = 0, 2 = -z*k - y + 5*y. What is the remainder when 45 is divided by t(k)?
13
Suppose -10*b = -8*b - 342. What is the remainder when b is divided by 43?
42
Let m(a) = -a**3 + 8*a**2 + 14*a - 13. Let k be m(9). Let z = k + -7. Let g(t) = -49*t**3 + t**2 - 1. Calculate the remainder when g(-1) is divided by z.
24
Suppose 41 = 5*o - 14. Let q = 16 - o. Suppose 0 = -3*c - 2*j - 1, -3*c = -4*j - 22 - 7. What is the remainder when q is divided by c?
2
Let k = -10 - -44. Suppose 9*m + 45 = 12*m. What is the remainder when k is divided by m - 6*(-4)/8?
16
Suppose 5*s + 50 - 225 = -5*n, 0 = -3*s + 4*n + 105. Calculate the remainder when s is divided by 9.
8
Let v = -20 + 40. Calculate the remainder when v is divided by 7.
6
Suppose 8*t = 10*t + 8. Let x(h) = 2*h + 1. Let d be x(-2). Calculate the remainder when (t/(-3))/((-1)/d) is divided by 2.
0
Suppose 4 = -l, 0 = -5*y - 5*l + 169 + 541. Let r = 108 - 65. Calculate the remainder when r is divided by 10/25 + y/10.
13
Let q be (-3)/15 + (-1)/(-5). Suppose 5*i = -u + 21 + 48, q = u - 3*i - 45. Calculate the remainder when u is divided by 19.
16
Let n be (-24)/4 + -2*1. Let z = -6 + n. Let f = z - -34. What is the remainder when 59 is divided by f?
19
Let w(p) = p**3 + p + 4. What is the remainder when -2*1 + (54 - 41) is divided by w(0)?
3
Suppose -j - 307 = -4*w, 9*j = 4*j - 15. Let m = 8 - 5. Suppose -56 = -m*f + w. What is the remainder when f is divided by 23?
21
Let l(g) = -g**2 - 10*g - 8. Let t be l(-9). Suppose h + t + 1 = 0. Let v(u) = 5*u**2 + u. Calculate the remainder when 33 is divided by v(h).
15
What is the remainder when 2/(-3) + (-40)/(-6) is divided by -2*3/(-9)*3?
0
Let d(t) = 4*t**3 + 2*t**2 - t + 2. What is the remainder when d(2) is divided by (-3 + 17)*1 + 0 + 0?
12
Let y(h) = -2*h**2 - 10*h - 3. Suppose -s = -4*x - 12, -3*s - 3*x = -4*x + 8. Calculate the remainder when y(-3) is divided by (s/6)/(4/(-18)).
0
Let q = -23 + 10. Let i(m) = -2*m - 12. What is the remainder when 26 is divided by i(q)?
12
Let g(v) = 6*v**2 - 4*v + 2. Calculate the remainder when g(2) is divided by 7.
4
Let o = 14 + -11. Calculate the remainder when 8 is divided by o.
2
Let n be (-4 + 10)*(-3)/9. Let z(d) = 6*d**2 + 2*d - 1. Calculate the remainder when z(n) is divided by 10.
9
Suppose 4*k = 2*k + 36. Let g = k - 7. What is the remainder when 19 is divided by g?
8
Let l(y) = -y**3 - 3*y**2 - 4. Calculate the remainder when l(-5) is divided by 8.
6
Let f = -3 - -5. Suppose m - 57 = -f*m. Calculate the remainder when m is divided by 5.
4
Suppose 3*l + 15 = 0, 3*l + l + 5 = 5*h. Let g(x) = x**2 - x - 1. Let s = -5 - -11. Calculate the remainder when g(h) is divided by s.
5
Suppose -11*z - 12 = -12*z. Calculate the remainder when 47 is divided by z.
11
What is the remainder when 31 is divided by -3 + (-42)/(0 - 3)?
9
Let w = -2 + 5. Suppose 16 = w*p + 4. Suppose 10*q - 83 = 5*q + p*i, 2*q + 2*i - 26 = 0. Calculate the remainder when q is divided by 8.
7
Let h(v) = -2 + 7*v - 1 - 8. Calculate the remainder when h(8) is divided by 12.
9
Let y(o) = -7*o + 18. Let w(l) = -l + 1. Let u(c) = -6*w(c) + y(c). What is the remainder when u(-9) is divided by 11?
10
Suppose -r = -7*r + 126. Calculate the remainder when 41 is divided by r.
20
Suppose m - 3*z = 9, 4*m + 2*z - 36 = 7*z. Let c = 24 - 8. Suppose x = c + 9. What is the remainder when x is divided by m?
7
Let i(b) = b**2 + 2*b - 3. Suppose 0*a = 2*a, 4*g + 2*a = -8. Let c = 24 + g. What is the remainder when c is divided by i(-5)?
10
Let o(b) = 38*b**2 + 1. Let d be -1 - 0 - (-3 - -3). What is the remainder when o(d) is divided by 14?
11
Suppose -m + 6 = 1. Let f = m - 1. Calculate the remainder when 7 is divided by f.
3
Let z(q) = q**3 + 7*q**2 - 11*q - 4. What is the remainder when 37 is divided by z(-8)?
17
Let k(v) = -9*v - 5 + 3 + 24*v. Let b = -7 - -11. What is the remainder when k(b) is divided by 20?
18
Calculate the remainder when 26 is divided by 15*(2/(-3))/(-1).
6
Let o(x) = 3*x**2 - 2*x + 1. Let j be (-20)/(-12) + 2/6. What is the remainder when j + -3 + -2 + 19 is divided by o(2)?
7
Suppose 5*j - 46 = 34. Calculate the remainder when j is divided by 6.
4
Suppose c + 5 = 3*u, -3*c - 27 = -0*c - 3*u. Let h = c - -17. What is the remainder when 21 is divided by h?
3
Let o = 7 - -5. Calculate the remainder when 22 is divided by o.
10
Suppose -94 = -8*v + 42. What is the remainder when v is divided by 2/6 - (-78)/9?
8
Suppose -62 + 94 = 4*q. Let k(p) = 22*p - 1. Calculate the remainder when k(1) is divided by q.
5
Calculate the remainder when 21 is divided by 1*6*(-6)/(-6).
3
Let p(o) be the third derivative of -o**6/8 + o**5/30 + o**4/24 - 2*o**2. Calculate the remainder when p(-1) is divided by 9.
7
Suppose -25*m + 23*m + 92 = 0. What is the remainder when 136 is divided by m?
44
Let u = -18 + 26. What is the remainder when 85 is divided by u?
5
Suppose -2*w = w - 21. Suppose 0 = -x + 2*x - w. Calculate the remainder when x is divided by 3.
1
Suppose 0 = -5*v - 5 + 170. Calculate the remainder when v is divided by 70/4 + (-8)/16.
16
Suppose m = 3*c - 286, 3*c - 113 - 181 = -3*m. What is the remainder when c is divided by 7?
5
What is the remainder when 9/(-4 - 65/(-15)) is divided by 8?
3
Suppose 4*x = 5*h + 187, -2*h = 4*x - 0*h - 166. What is the remainder when x is divided by (1 - 23 - 0)*1/(-2)?
10
Let t be -5*(3 + 66/(-5)). Suppose 2*p = -4, -3*q + 4*q = 4*p + t. What is the remainder when q is divided by 15?
13
Suppose 0*m - 4*d + 34 = -3*m, -m - 15 = -5*d. Let q = -46 - -55. Calculate the remainder when q is divided by (m/(-3))/((-2)/(-3)).
4
Suppose 5*t + 16 = -14. Let j(g) = g**2 + 6*g + 7. What is the remainder when 24 is divided by j(t)?
3
Calculate the remainder when 119 is divided by (-1 + -1)*(-1 + -19).
39
Let t = 170 + -82. Calculate the remainder when t is divided by 23.
19
Let o(k) = -8*k + 0*k**2 + 2*k**2 + 7 - 3*k + 2*k. What is the remainder when o(6) is divided by 14?
11
Let s(u) be the first derivative of u**4/4 - 2*u**3 + u**2/2 + u + 2. Calculate the remainder when 27 is divided by s(6).
6
Suppose -4*h - 1 = -13. Let k be 7/3 - 1/h. Suppose k*w = -w + 99. What is the remainder when w is divided by 17?
16
Let d = 61 - 10. What is the remainder when d is divided by (-74)/(-4) - 1/2?
15
Calculate the remainder when 43/6 - ((-1)/(-6) + 0) is divided by 5.
2
Let l(f) = f**3 + 7*f**2 - 11*f - 9. What is the remainder when l(-8) is divided by 8?
7
Suppose 4*z = 3*x + 146, -2*z - 2*x = 2*x - 84. Let l(w) = 4 - w**2 - 8*w + w**2 + 2*w**2 - w**2. What is the remainder when z is divided by l(9)?
12
Let r be (-600)/7 - 4/14. Calculate the remainder when 1/2 + r/(-4) is divided by 12.
10
Let r = 20 + -20. Suppose r = 4*u - 4, 48 = 4*c - 5*u - 15. Calculate the remainder when c is divided by 10.
7
Let b be 14/(-4)*-2 + -2. Suppose -v = -b*v + 36. What is the remainder when 15 is divided by v?
6
Let q = -6 - -18. Calculate the remainder when q is divided by ((-2)/(-6))/((-2)/(-42)).
5
Let o(n) = 17*n - 1. Let i be o(-2). Let k = -1 - i. What is the remainder when k is divided by 5*9*(-4)/(-10)?
16
Let w(g) be the second derivative of -g**5/20 - 7*g**4/12 - 5*g**3/3 - 9*g**2/2 - g. Let z = -11 - -20. Calculate the remainder when w(-6) is divided by z.
6
Suppose 7*x - 138 = 156. Calculate the remainder when x is divided by 15.
12
Suppose 0 = -2*f - 8, 0*w - 4*f + 34 = w. Suppose 5*b - w + 10 = 0. What is the remainder when b is divided by 5?
3
Let p be ((-12)/(-5))/(6/195). Suppose 3*s = 2*x + 15 + 32, 4*s = -5*x + p. Calculate the remainder when 67 is divided by s.
16
Let a(s) = 2 - 4 + 0 - 2*s. Let q be a(-3). Suppose 0 = c - q*c + 39. What is the remainder when 37 is divided by c?
11
Suppose -7*x = -2*x - 20. Let y be (-3)/x + (-6)/(-8). Suppose y = -4*a + 23 + 21. Calculate the remainder when a is divided by 6.
5
Suppose 4*r + 3*k + 13 = 0, 0*r + 40 = -5*r + k. Le